{"id":133718,"date":"2024-12-03T15:16:26","date_gmt":"2024-12-03T14:16:26","guid":{"rendered":"https:\/\/www.kunstmuseumluzern.ch\/exhibitions\/schoen\/"},"modified":"2026-02-12T09:39:17","modified_gmt":"2026-02-12T08:39:17","slug":"schoen","status":"publish","type":"exhibitions","link":"https:\/\/www.kunstmuseumluzern.ch\/de-es\/exhibitions\/schoen\/","title":{"rendered":"sch\u00f6n?!"},"content":{"rendered":"","protected":false},"menu_order":0,"template":"","meta":{"_acf_changed":true,"_seopress_robots_primary_cat":"","_seopress_titles_title":"sch\u00f6n?! \u00c4sthetische Betrachtung der Sammlung | KUNSTMUSEUM LUZERN","_seopress_titles_desc":"Die Sammlungsausstellung beleuchtet unterschiedliche Vorstellungen von Sch\u00f6nheit in der Kunst und l\u00e4dt ein, \u00fcber den Wandel der \u00c4sthetik nachzudenken.","_seopress_robots_index":"","inline_featured_image":false,"ghostkit_customizer_options":"","ghostkit_custom_css":"","ghostkit_custom_js_head":"","ghostkit_custom_js_foot":"","ghostkit_typography":""},"class_list":["post-133718","exhibitions","type-exhibitions","status-publish","hentry"],"acf":[],"_links":{"self":[{"href":"https:\/\/www.kunstmuseumluzern.ch\/de-es\/wp-json\/wp\/v2\/exhibitions\/133718","targetHints":{"allow":["GET"]}}],"collection":[{"href":"https:\/\/www.kunstmuseumluzern.ch\/de-es\/wp-json\/wp\/v2\/exhibitions"}],"about":[{"href":"https:\/\/www.kunstmuseumluzern.ch\/de-es\/wp-json\/wp\/v2\/types\/exhibitions"}],"wp:attachment":[{"href":"https:\/\/www.kunstmuseumluzern.ch\/de-es\/wp-json\/wp\/v2\/media?parent=133718"}],"curies":[{"name":"wp","href":"https:\/\/api.w.org\/{rel}","templated":true}]}}

schön?!

schön?! Ästhetische Betrachtung der Sammlung | KUNSTMUSEUM LUZERN

Die Sammlungsausstellung beleuchtet unterschiedliche Vorstellungen von Schönheit in der Kunst und lädt ein, über den Wandel der Ästhetik nachzudenken.
