{"id":2764,"date":"2018-04-06T09:58:37","date_gmt":"2018-04-06T07:58:37","guid":{"rendered":"http:\/\/modularte.dyndns-server.com\/kml2-wp\/exhibitions\/ich-male-fuer-fromme-gemueter-zur-religioesen-schweizer-malerei-im-19-jahrhundert\/"},"modified":"2024-07-24T11:04:09","modified_gmt":"2024-07-24T09:04:09","slug":"ich-male-fuer-fromme-gemueter-zur-religioesen-schweizer-malerei-im-19-jahrhundert","status":"publish","type":"exhibitions","link":"https:\/\/www.kunstmuseumluzern.ch\/en\/exhibitions\/ich-male-fuer-fromme-gemueter-zur-religioesen-schweizer-malerei-im-19-jahrhundert\/","title":{"rendered":"Ich male f\u00fcr fromme Gem\u00fcter &#8211; Zur religi\u00f6sen Schweizer Malerei im 19. Jahrhundert"},"content":{"rendered":"","protected":false},"menu_order":0,"template":"","meta":{"_acf_changed":true,"_seopress_robots_primary_cat":"","_seopress_titles_title":"","_seopress_titles_desc":"","_seopress_robots_index":"","inline_featured_image":false,"ghostkit_customizer_options":"","ghostkit_custom_css":"","ghostkit_custom_js_head":"","ghostkit_custom_js_foot":"","ghostkit_typography":""},"class_list":["post-2764","exhibitions","type-exhibitions","status-publish","hentry"],"acf":[],"_links":{"self":[{"href":"https:\/\/www.kunstmuseumluzern.ch\/en\/wp-json\/wp\/v2\/exhibitions\/2764","targetHints":{"allow":["GET"]}}],"collection":[{"href":"https:\/\/www.kunstmuseumluzern.ch\/en\/wp-json\/wp\/v2\/exhibitions"}],"about":[{"href":"https:\/\/www.kunstmuseumluzern.ch\/en\/wp-json\/wp\/v2\/types\/exhibitions"}],"wp:attachment":[{"href":"https:\/\/www.kunstmuseumluzern.ch\/en\/wp-json\/wp\/v2\/media?parent=2764"}],"curies":[{"name":"wp","href":"https:\/\/api.w.org\/{rel}","templated":true}]}}

Ich male für fromme Gemüter &#8211; Zur religiösen Schweizer Malerei im 19. Jahrhundert
