{"id":133443,"date":"2024-12-03T16:15:18","date_gmt":"2024-12-03T15:15:18","guid":{"rendered":"https:\/\/www.kunstmuseumluzern.ch\/exhibitions\/yann-bisso\/"},"modified":"2026-03-31T16:54:44","modified_gmt":"2026-03-31T14:54:44","slug":"yann-stephane-bisso","status":"publish","type":"exhibitions","link":"https:\/\/www.kunstmuseumluzern.ch\/fr\/exhibitions\/yann-stephane-bisso\/","title":{"rendered":"Yann St\u00e9phane Bisso"},"content":{"rendered":"","protected":false},"menu_order":0,"template":"","meta":{"_acf_changed":true,"_seopress_robots_primary_cat":"","_seopress_titles_title":"Yann St\u00e9phane Bisso | KUNSTMUSEUM LUZERN","_seopress_titles_desc":"Yann St\u00e9phane Bisso combine un r\u00e9alisme pictural avec des \u00e9l\u00e9ments surr\u00e9alistes et aborde des questions sociales sur l'origine et la prosp\u00e9rit\u00e9.","_seopress_robots_index":"","inline_featured_image":false,"ghostkit_customizer_options":"","ghostkit_custom_css":"","ghostkit_custom_js_head":"","ghostkit_custom_js_foot":"","ghostkit_typography":""},"class_list":["post-133443","exhibitions","type-exhibitions","status-publish","hentry"],"acf":[],"_links":{"self":[{"href":"https:\/\/www.kunstmuseumluzern.ch\/fr\/wp-json\/wp\/v2\/exhibitions\/133443","targetHints":{"allow":["GET"]}}],"collection":[{"href":"https:\/\/www.kunstmuseumluzern.ch\/fr\/wp-json\/wp\/v2\/exhibitions"}],"about":[{"href":"https:\/\/www.kunstmuseumluzern.ch\/fr\/wp-json\/wp\/v2\/types\/exhibitions"}],"wp:attachment":[{"href":"https:\/\/www.kunstmuseumluzern.ch\/fr\/wp-json\/wp\/v2\/media?parent=133443"}],"curies":[{"name":"wp","href":"https:\/\/api.w.org\/{rel}","templated":true}]}}

Yann Stéphane Bisso

Yann Stéphane Bisso | KUNSTMUSEUM LUZERN

Yann Stéphane Bisso combine un réalisme pictural avec des éléments surréalistes et aborde des questions sociales sur l'origine et la prospérité.
