{"id":181172,"date":"2025-12-10T11:31:18","date_gmt":"2025-12-10T10:31:18","guid":{"rendered":"https:\/\/www.kunstmuseumluzern.ch\/exhibitions\/hier-jetzt-vdg\/"},"modified":"2026-04-14T16:07:12","modified_gmt":"2026-04-14T14:07:12","slug":"hier-jetzt-vdg","status":"publish","type":"exhibitions","link":"https:\/\/www.kunstmuseumluzern.ch\/fr\/exhibitions\/hier-jetzt-vdg\/","title":{"rendered":"hier &amp; jetzt VDG"},"content":{"rendered":"","protected":false},"menu_order":0,"template":"","meta":{"_acf_changed":true,"_seopress_robots_primary_cat":"","_seopress_titles_title":"Hier & Jetzt | KUNSTMUSEUM LUZERN","_seopress_titles_desc":"Die Ausstellung versammelt 16 aufstrebende, junge K\u00fcnstler:innen mit Bezug zur Schweiz. Anl\u00e4sslich der Er\u00f6ffnung verleiht eine Fachjury das Vordemberge-Gildewart Stipendium. Es f\u00f6rdert K\u00fcnstler:innen bis 35 Jahre, indem es ihnen ein Werkjahr finanziert.","_seopress_robots_index":"","inline_featured_image":false,"ghostkit_customizer_options":"","ghostkit_custom_css":"","ghostkit_custom_js_head":"","ghostkit_custom_js_foot":"","ghostkit_typography":""},"class_list":["post-181172","exhibitions","type-exhibitions","status-publish","hentry"],"acf":[],"_links":{"self":[{"href":"https:\/\/www.kunstmuseumluzern.ch\/fr\/wp-json\/wp\/v2\/exhibitions\/181172","targetHints":{"allow":["GET"]}}],"collection":[{"href":"https:\/\/www.kunstmuseumluzern.ch\/fr\/wp-json\/wp\/v2\/exhibitions"}],"about":[{"href":"https:\/\/www.kunstmuseumluzern.ch\/fr\/wp-json\/wp\/v2\/types\/exhibitions"}],"wp:attachment":[{"href":"https:\/\/www.kunstmuseumluzern.ch\/fr\/wp-json\/wp\/v2\/media?parent=181172"}],"curies":[{"name":"wp","href":"https:\/\/api.w.org\/{rel}","templated":true}]}}

Die Ausstellung versammelt 16 aufstrebende, junge Künstler:innen mit Bezug zur Schweiz. Anlässlich der Eröffnung verleiht eine Fachjury das Vordemberge-Gildewart Stipendium. Es fördert Künstler:innen bis 35 Jahre, indem es ihnen ein Werkjahr finanziert.
