{"id":101426,"date":"2023-11-09T10:16:47","date_gmt":"2023-11-09T09:16:47","guid":{"rendered":"https:\/\/www.kunstmuseumluzern.ch\/events\/"},"modified":"2025-09-12T17:03:13","modified_gmt":"2025-09-12T15:03:13","slug":"agenda","status":"publish","type":"page","link":"https:\/\/www.kunstmuseumluzern.ch\/fr\/visiter\/agenda\/","title":{"rendered":"Agenda"},"content":{"rendered":"\n<div style=\"height:60px\" aria-hidden=\"true\" class=\"wp-block-spacer\"><\/div>\n\n\n\n<p>Toutes nos visites guid\u00e9es et tous nos \u00e9v\u00e9nements se d\u00e9roulent en allemand. Vous trouverez notre programme actuel sur le <a href=\"https:\/\/www.kunstmuseumluzern.ch\/fr\/visiter\/agenda\/\">site allemand<\/a>.<\/p>\n\n\n\n<div style=\"height:40px\" aria-hidden=\"true\" class=\"wp-block-spacer\"><\/div>\n\n\n\n<div class=\"wp-block-buttons is-content-justification-center is-layout-flex wp-container-core-buttons-is-layout-a89b3969 wp-block-buttons-is-layout-flex\">\n<div class=\"wp-block-button\"><a class=\"wp-block-button__link wp-element-button\" href=\"https:\/\/www.kunstmuseumluzern.ch\/fr\/visiter\/agenda\/\">Agenda<\/a><\/div>\n<\/div>\n\n\n\n<div style=\"height:120px\" aria-hidden=\"true\" class=\"wp-block-spacer\"><\/div>\n\n\n\n<div class=\"wp-block-nav-links alignwide\">\n\n    <div class=\"wp-block-nav-links__link-wrapper\">\n  \n        <a class=\"wp-block-nav-links__link\" href=\"https:\/\/shop.kunstmuseumluzern.ch\/fr\/\" target=\"_self\">Shop<\/a>\n    \n  \n        <a class=\"wp-block-nav-links__link\" href=\"https:\/\/www.kunstmuseumluzern.ch\/fr\/visiter\/cafe\/\" target=\"_self\">Caf\u00e9<\/a>\n    \n  \n        <a class=\"wp-block-nav-links__link\" href=\"https:\/\/www.kunstmuseumluzern.ch\/fr\/visiter\/accessibilite\/\" target=\"_self\">Accessabilit\u00e9<\/a>\n    \n    <\/div>\n  \n<\/div>\n\n\n<div class=\"wp-block-nav-links alignwide\">\n\n      <div class=\"wp-block-nav-links__title\"><\/div>\n\n  <div class=\"wp-block-nav-links__link-wrapper\">\n  \n        <a class=\"wp-block-nav-links__link\" href=\"https:\/\/www.kunstmuseumluzern.ch\/fr\/exhibitions\/maria-pininska-beres\/\">Maria Pininska-Beres<\/a>\n    \n  \n        <a class=\"wp-block-nav-links__link\" href=\"https:\/\/www.kunstmuseumluzern.ch\/fr\/exhibitions\/1-raum-1-werk\/\">1 Raum, 1 Werk<\/a>\n    \n  \n        <a class=\"wp-block-nav-links__link\" href=\"https:\/\/www.kunstmuseumluzern.ch\/fr\/exhibitions\/brian-dawn-chalkley\/\">Brian Dawn Chalkley<\/a>\n    \n    <\/div>\n  \n<\/div>","protected":false},"excerpt":{"rendered":"<p>Toutes nos visites guid\u00e9es et tous nos \u00e9v\u00e9nements se d\u00e9roulent en allemand. Vous trouverez notre programme actuel sur le site allemand.<\/p>\n","protected":false},"author":14,"featured_media":0,"parent":101456,"menu_order":0,"comment_status":"closed","ping_status":"closed","template":"template-agenda.php","meta":{"_acf_changed":false,"_seopress_robots_primary_cat":"","_seopress_titles_title":"Agenda | KUNSTMUSEUM LUZERN","_seopress_titles_desc":"Retrouvez les visites guid\u00e9es, les discussions, les ateliers et les \u00e9v\u00e9nements actuels li\u00e9s aux expositions dans notre agenda.","_seopress_robots_index":"","inline_featured_image":false,"ghostkit_customizer_options":"","ghostkit_custom_css":"","ghostkit_custom_js_head":"","ghostkit_custom_js_foot":"","ghostkit_typography":"","footnotes":""},"tags":[],"class_list":["post-101426","page","type-page","status-publish","hentry"],"acf":[],"_links":{"self":[{"href":"https:\/\/www.kunstmuseumluzern.ch\/fr\/wp-json\/wp\/v2\/pages\/101426","targetHints":{"allow":["GET"]}}],"collection":[{"href":"https:\/\/www.kunstmuseumluzern.ch\/fr\/wp-json\/wp\/v2\/pages"}],"about":[{"href":"https:\/\/www.kunstmuseumluzern.ch\/fr\/wp-json\/wp\/v2\/types\/page"}],"author":[{"embeddable":true,"href":"https:\/\/www.kunstmuseumluzern.ch\/fr\/wp-json\/wp\/v2\/users\/14"}],"replies":[{"embeddable":true,"href":"https:\/\/www.kunstmuseumluzern.ch\/fr\/wp-json\/wp\/v2\/comments?post=101426"}],"version-history":[{"count":13,"href":"https:\/\/www.kunstmuseumluzern.ch\/fr\/wp-json\/wp\/v2\/pages\/101426\/revisions"}],"predecessor-version":[{"id":171592,"href":"https:\/\/www.kunstmuseumluzern.ch\/fr\/wp-json\/wp\/v2\/pages\/101426\/revisions\/171592"}],"up":[{"embeddable":true,"href":"https:\/\/www.kunstmuseumluzern.ch\/fr\/wp-json\/wp\/v2\/pages\/101456"}],"wp:attachment":[{"href":"https:\/\/www.kunstmuseumluzern.ch\/fr\/wp-json\/wp\/v2\/media?parent=101426"}],"wp:term":[{"taxonomy":"post_tag","embeddable":true,"href":"https:\/\/www.kunstmuseumluzern.ch\/fr\/wp-json\/wp\/v2\/tags?post=101426"}],"curies":[{"name":"wp","href":"https:\/\/api.w.org\/{rel}","templated":true}]}}

<div style="height:60px" aria-hidden="true" class="wp-block-spacer"></div>



<p>Toutes nos visites guidées et tous nos événements se déroulent en allemand. Vous trouverez notre programme actuel sur le <a href="https://www.kunstmuseumluzern.ch/fr/visiter/agenda/">site allemand</a>.</p>



<div style="height:40px" aria-hidden="true" class="wp-block-spacer"></div>



<div class="wp-block-buttons is-content-justification-center is-layout-flex wp-container-core-buttons-is-layout-a89b3969 wp-block-buttons-is-layout-flex">
<div class="wp-block-button"><a class="wp-block-button__link wp-element-button" href="https://www.kunstmuseumluzern.ch/fr/visiter/agenda/">Agenda</a></div>
</div>



<div style="height:120px" aria-hidden="true" class="wp-block-spacer"></div>



<div class="wp-block-nav-links alignwide">

    <div class="wp-block-nav-links__link-wrapper">
  
        <a class="wp-block-nav-links__link" href="https://shop.kunstmuseumluzern.ch/fr/" target="_self">Shop</a>
    
  
        <a class="wp-block-nav-links__link" href="https://www.kunstmuseumluzern.ch/fr/visiter/cafe/" target="_self">Café</a>
    
  
        <a class="wp-block-nav-links__link" href="https://www.kunstmuseumluzern.ch/fr/visiter/accessibilite/" target="_self">Accessabilité</a>
    
    </div>
  
</div>


<div class="wp-block-nav-links alignwide">

      <div class="wp-block-nav-links__title"></div>

  <div class="wp-block-nav-links__link-wrapper">
  
        <a class="wp-block-nav-links__link" href="https://www.kunstmuseumluzern.ch/fr/exhibitions/maria-pininska-beres/">Maria Pininska-Beres</a>
    
  
        <a class="wp-block-nav-links__link" href="https://www.kunstmuseumluzern.ch/fr/exhibitions/1-raum-1-werk/">1 Raum, 1 Werk</a>
    
  
        <a class="wp-block-nav-links__link" href="https://www.kunstmuseumluzern.ch/fr/exhibitions/brian-dawn-chalkley/">Brian Dawn Chalkley</a>
    
    </div>
  
</div>

<p>Toutes nos visites guidées et tous nos événements se déroulent en allemand. Vous trouverez notre programme actuel sur le site allemand.</p>

Retrouvez les visites guidées, les discussions, les ateliers et les événements actuels liés aux expositions dans notre agenda.
