{"id":102370,"date":"2024-02-07T19:37:15","date_gmt":"2024-02-07T18:37:15","guid":{"rendered":"https:\/\/www.kunstmuseumluzern.ch\/musee\/partenariats\/stiftung-fuer-das-kunstmuseum-luzern\/"},"modified":"2026-03-24T15:05:18","modified_gmt":"2026-03-24T14:05:18","slug":"fondation-pour-le-kunstmuseum-luzern-skl","status":"publish","type":"page","link":"https:\/\/www.kunstmuseumluzern.ch\/fr\/musee\/partenariats\/fondation-pour-le-kunstmuseum-luzern-skl\/","title":{"rendered":"Fondation pour le Kunstmuseum Luzern SKL"},"content":{"rendered":"\n<figure class=\"wp-block-image alignwide size-full\"><img decoding=\"async\" width=\"2760\" height=\"1020\" src=\"https:\/\/www.kunstmuseumluzern.ch\/wp-content\/uploads\/2024\/02\/skl-turner-2019.jpg\" alt=\"\" class=\"wp-image-21074\" srcset=\"https:\/\/www.kunstmuseumluzern.ch\/wp-content\/uploads\/2024\/02\/skl-turner-2019.jpg 2760w, https:&#x2f;&#x2f;&#x77;&#x77;&#x77;&#x2e;&#107;&#117;&#110;&#115;tmus&#x65;&#x75;&#x6d;&#x6c;&#x75;&#x7a;&#101;&#114;&#110;&#46;&#99;h\/w&#x70;&#x2d;&#x63;&#x6f;&#x6e;&#x74;&#101;&#110;&#116;&#47;&#117;plo&#x61;&#x64;&#x73;&#x2f;&#x32;&#x30;&#x32;&#52;&#47;&#48;&#50;\/skl&#x2d;&#x74;&#x75;&#x72;&#x6e;&#x65;&#114;&#45;&#50;&#48;19-1&#x35;&#x30;&#x78;&#x35;&#x35;&#x40;&#50;&#120;&#46;&#106;&#112;g 300w, https:\/\/www.kunstmuseumluzern.ch\/wp-content\/uploads\/2024\/02\/skl-turner-2019-1024x378.jpg 1024w, https:\/\/www.kunstmuseumluzern.ch\/wp-content\/uploads\/2024\/02\/skl-turner-2019-150x55.jpg 150w, https:\/\/www.kunstmuseumluzern.ch\/wp-content\/uploads\/2024\/02\/skl-turner-2019-420x155.jpg 420w, https:&#x2f;\/&#x77;&#119;&#x77;&#46;k&#x75;n&#x73;&#116;&#x6d;&#117;s&#x65;&#117;&#x6d;&#108;u&#x7a;e&#x72;&#110;&#x2e;&#99;h&#x2f;w&#x70;&#45;&#x63;&#x6f;n&#x74;&#101;&#x6e;&#116;\/&#x75;p&#x6c;&#111;&#x61;&#100;s&#x2f;&#50;&#x30;&#50;&#x34;&#x2f;0&#x32;&#47;&#x73;&#107;l&#x2d;t&#x75;&#114;&#x6e;&#101;r&#x2d;&#50;&#x30;&#49;9&#x2d;3&#x30;&#48;&#x78;&#49;1&#x31;&#64;&#x32;&#120;&#x2e;&#x6a;p&#x67; 600w, https:&#47;\/&#x77;w&#x77;&#46;&#x6b;&#117;&#x6e;&#115;t&#x6d;u&#x73;&#101;&#x75;&#109;&#x6c;&#117;&#x7a;&#101;r&#x6e;&#46;&#x63;&#104;&#x2f;&#119;&#x70;&#45;c&#x6f;n&#x74;&#101;&#x6e;&#116;&#x2f;&#117;&#x70;&#108;o&#x61;d&#x73;&#47;&#x32;&#48;&#x32;&#52;\/&#x30;2&#x2f;&#115;&#x6b;&#108;&#x2d;&#116;&#x75;&#114;n&#x65;r&#x2d;&#50;&#x30;&#49;&#x39;&#45;1&#x30;2&#x34;&#120;&#x33;&#55;&#x38;&#64;&#x32;&#120;&#46;&#x6a;p&#x67; 2048w, https:&#47;&#47;&#x77;w&#119;&#x2e;&#x6b;u&#110;&#x73;&#x74;m&#117;&#x73;e&#117;&#x6d;&#x6c;u&#122;&#x65;&#x72;n&#46;&#x63;h&#47;&#x77;&#x70;-&#99;&#x6f;&#x6e;t&#101;&#x6e;&#x74;&#47;&#117;&#x70;l&#111;&#x61;&#x64;s&#47;&#x32;&#x30;2&#52;&#x2f;0&#50;&#x2f;&#x73;k&#108;&#x2d;&#x74;u&#114;&#x6e;e&#114;&#45;&#x32;0&#49;&#x39;&#x2d;4&#50;&#x30;&#x78;&#49;&#53;&#x35;&#64;&#50;&#x78;&#x2e;j&#112;&#x67; 840w\" sizes=\"(max-width: 2760px) 100vw, 2760px\" \/><figcaption class=\"wp-element-caption\">Turner. Das Meer und die Alpen, 2019<\/figcaption><\/figure>\n\n\n\n<div style=\"height:60px\" aria-hidden=\"true\" class=\"wp-block-spacer\"><\/div>\n\n\n\n<h2 class=\"wp-block-heading\" id=\"fondation-pour-le-kunstmuseum-luzern-skl-1\" id=\"fondation-pour-le-kunstmuseum-luzern-skl\">Fondation pour le Kunstmuseum Luzern SKL<\/h2>\n\n\n\n<div style=\"height:30px\" aria-hidden=\"true\" class=\"wp-block-spacer\"><\/div>\n\n\n\n<p>La Fondation pour le Kunstmuseum Luzern (Stiftung f\u00fcr das Kunstmuseum Luzern SKL) a \u00e9t\u00e9 cr\u00e9\u00e9e en 2017 en amont de l\u2019exposition <em><a href=\"https:\/\/www.kunstmuseumluzern.ch\/en\/exhibitions\/turner-meer-alpen\/\">Turner. La mer et les Alpes<\/a><\/em>. La fondation est une entit\u00e9 juridique ind\u00e9pendante qui a pour seule b\u00e9n\u00e9ficiaire la Kunstgesellschaft Luzern. Son conseil de fondation, qui si\u00e8ge \u00e0 titre b\u00e9n\u00e9vole, r\u00e9unit des personnalit\u00e9s de Lucerne ou ayant un lien avec la Suisse centrale.<\/p>\n\n\n\n<p>La SKL finance les expositions du mus\u00e9e et soutient ses actions publiques, la restauration et la num\u00e9risation d\u2019\u0153uvres d\u2019art ainsi que la formation et la m\u00e9diation artistique. Elle ouvre au Kunstmuseum Luzern son r\u00e9seau de partenaires, d\u2019amis et de donateurs pour renforcer les missions cl\u00e9s du mus\u00e9e et contribuer de mani\u00e8re substantielle \u00e0 son d\u00e9veloppement. En contrepartie, les membres donateurs de la SKL b\u00e9n\u00e9ficient de prestations exclusives autour des manifestations du mus\u00e9e.<\/p>\n\n\n\n<p>Apr\u00e8s le succ\u00e8s de l\u2019exposition <em><a href=\"https:\/\/www.kunstmuseumluzern.ch\/en\/exhibitions\/turner-meer-alpen\/\">Turner. La mer et les Alpes<\/a><\/em>, organis\u00e9e \u00e0 l\u2019occasion du bicentenaire de la Kunstgesellschaft Luzern, la SKL s\u2019est tourn\u00e9e vers de nouveaux projets. C\u2019est gr\u00e2ce \u00e0 son soutien que le mus\u00e9e a pu organiser <em><a href=\"https:\/\/www.kunstmuseumluzern.ch\/en\/exhibitions\/david-hockney\/\">Moving Focus<\/a><\/em>, la premi\u00e8re grande r\u00e9trospective en Suisse du peintre britannique David Hockney, l\u2019un des artistes les plus influents de notre \u00e9poque. De ses premi\u00e8res \u0153uvres des ann\u00e9es 1960 \u00e0 ses dessins sur iPad r\u00e9cents, en passant par ses paysages grand format, l\u2019exposition illustrait de mani\u00e8re magistrale l\u2019incroyable capacit\u00e9 de l\u2019artiste \u00e0 se r\u00e9inventer sans cesse. La fondation soutenait les recherches visant \u00e0 reconstituer, en 2025, l\u2019exposition l\u00e9gendaire <a href=\"https:\/\/www.kunstmuseumluzern.ch\/en\/exhibitions\/these-antithese-und-synthese\/\"><em>Th\u00e8se, Antith\u00e8se et Synth\u00e8se<\/em><\/a> avec des \u0153uvres de Giacometti, Mir\u00f3, Taeuber-Arp, Picasso, Braque, Calder et autres. En 2025, le Kunstmuseum Luzern reconstruisait l&rsquo;exposition historique sous le titre <em><a href=\"https:\/\/www.kunstmuseumluzern.ch\/fr\/exhibitions\/kandinsky-picasso-miro-et-al-deretour-a-lucerne\/\">Kandinsky, Picasso, Mir\u00f3 et al. de retour \u00e0 Lucerne<\/a><\/em>. \u00c0 l\u2019\u00e9poque, les \u0153uvres proviennent directement des ateliers des artistes et de l\u2019unique artiste f\u00e9minine. Aujourd\u2019hui, elles \u00e9taient accroch\u00e9es aux cimaises des plus grandes collections du monde. L&rsquo;exposition t\u00e9moignait des bouleversements intellectuels, politiques et culturels de l\u2019entre-deux-guerres. En m\u00eame temps, l\u2019exposition offre un impressionnant spectacle artistique sensoriel.<\/p>\n\n\n\n<p><em><a href=\"https:\/\/www.kunstmuseumluzern.ch\/fr\/exhibitions\/kandinsky-picasso-miro-et-al-deretour-a-lucerne\/\">Kandinsky, Picasso, Mir\u00f3 et al. de retour \u00e0 Lucerne<\/a><\/em> a remport\u00e9 un franc succ\u00e8s aupr\u00e8s du public et succ\u00e8de ainsi directement \u00e0 l&rsquo;exposition record <em><a href=\"https:\/\/www.kunstmuseumluzern.ch\/en\/exhibitions\/turner-meer-alpen\/\">Turner. La mer et les Alpes<\/a><\/em> dans l&rsquo;histoire du mus\u00e9e.<\/p>\n\n\n\n<div style=\"height:30px\" aria-hidden=\"true\" class=\"wp-block-spacer\"><\/div>\n\n\n\n<div class=\"wp-block-columns is-layout-flex wp-container-core-columns-is-layout-28f84493 wp-block-columns-is-layout-flex\">\n<div class=\"wp-block-column is-layout-flow wp-block-column-is-layout-flow\">\n<div class=\"wp-block-pb-accordion-item c-accordion__item js-accordion-item no-js\" data-initially-open=\"false\" data-click-to-close=\"true\" data-auto-close=\"true\" data-scroll=\"false\" data-scroll-offset=\"0\"><h2 id=\"at-1023700\" class=\"c-accordion__title js-accordion-controller\" role=\"button\" id=\"contact\">Contact<\/h2><div id=\"ac-1023700\" class=\"c-accordion__content\">\n<p>+41 41 226 78 00 <br><a href=\"&#x6d;a&#x69;&#108;&#x74;&#111;&#x3a;&#x73;t&#x69;&#102;&#x74;&#117;&#x6e;&#103;&#64;&#x6b;&#117;&#x6e;&#115;&#x74;&#109;u&#x73;&#101;&#x75;&#109;&#x6c;&#117;z&#x65;r&#x6e;&#46;&#x63;&#104;\">s&#116;&#x69;&#x66;t&#117;&#110;&#x67;&#x40;k&#117;&#x6e;&#x73;t&#109;&#117;&#x73;&#x65;u&#109;&#x6c;&#x75;z&#101;&#114;&#x6e;&#x2e;c&#104;<\/a><\/p>\n<\/div><\/div>\n<\/div>\n\n\n\n<div class=\"wp-block-column is-layout-flow wp-block-column-is-layout-flow\">\n<div class=\"wp-block-pb-accordion-item c-accordion__item js-accordion-item no-js\" data-initially-open=\"false\" data-click-to-close=\"true\" data-auto-close=\"true\" data-scroll=\"false\" data-scroll-offset=\"0\"><h2 id=\"at-1023701\" class=\"c-accordion__title js-accordion-controller\" role=\"button\" id=\"conseil-de-fondation\">Conseil de fondation<\/h2><div id=\"ac-1023701\" class=\"c-accordion__content\">\n<p><strong>Pr\u00e9sident<\/strong><br>Thomas Br\u00fcndler<\/p>\n\n\n\n<p><strong>Membres du conseil de fondation<\/strong><br>Iwan B\u00fchler, Manuela M\u00fcller<\/p>\n\n\n\n<p><strong>ex officio<\/strong><br>Andi Scheitlin, Kunstgesellschaft Luzern<br>Fanni Fetzer, directrice Kunstmuseum Luzern<br><br><strong>Anciens pr\u00e9sidents<\/strong><br>Andi Scheitlin, Gregor Schwegler<br><br><strong>Anciens membres du conseil de fondation<\/strong><br>Mauritius Carlen, Barend Fruithof, Patrik K\u00f6nig, Gerhard Niesslein, Reto Schiltknecht, Bruno Schmidiger, Tanja Temel<\/p>\n<\/div><\/div>\n<\/div>\n<\/div>\n\n\n\n<div style=\"height:60px\" aria-hidden=\"true\" class=\"wp-block-spacer\"><\/div>\n\n\n\n<p><\/p>\n","protected":false},"excerpt":{"rendered":"<p>Fondation pour le Kunstmuseum Luzern SKL La Fondation pour le Kunstmuseum Luzern (Stiftung f\u00fcr das Kunstmuseum Luzern SKL) a \u00e9t\u00e9 cr\u00e9\u00e9e en 2017 en amont de l\u2019exposition Turner. La mer et les Alpes. La fondation est une entit\u00e9 juridique ind\u00e9pendante qui a pour seule b\u00e9n\u00e9ficiaire la Kunstgesellschaft Luzern. Son conseil de fondation, qui si\u00e8ge \u00e0 [&hellip;]<\/p>\n","protected":false},"author":2,"featured_media":0,"parent":101769,"menu_order":1,"comment_status":"closed","ping_status":"closed","template":"","meta":{"_acf_changed":false,"_seopress_robots_primary_cat":"","_seopress_titles_title":"","_seopress_titles_desc":"","_seopress_robots_index":"","inline_featured_image":false,"ghostkit_customizer_options":"","ghostkit_custom_css":"","ghostkit_custom_js_head":"","ghostkit_custom_js_foot":"","ghostkit_typography":"","footnotes":""},"tags":[],"class_list":["post-102370","page","type-page","status-publish","hentry"],"acf":[],"_links":{"self":[{"href":"https:\/\/www.kunstmuseumluzern.ch\/fr\/wp-json\/wp\/v2\/pages\/102370","targetHints":{"allow":["GET"]}}],"collection":[{"href":"https:\/\/www.kunstmuseumluzern.ch\/fr\/wp-json\/wp\/v2\/pages"}],"about":[{"href":"https:\/\/www.kunstmuseumluzern.ch\/fr\/wp-json\/wp\/v2\/types\/page"}],"author":[{"embeddable":true,"href":"https:\/\/www.kunstmuseumluzern.ch\/fr\/wp-json\/wp\/v2\/users\/2"}],"replies":[{"embeddable":true,"href":"https:\/\/www.kunstmuseumluzern.ch\/fr\/wp-json\/wp\/v2\/comments?post=102370"}],"version-history":[{"count":20,"href":"https:\/\/www.kunstmuseumluzern.ch\/fr\/wp-json\/wp\/v2\/pages\/102370\/revisions"}],"predecessor-version":[{"id":224909,"href":"https:\/\/www.kunstmuseumluzern.ch\/fr\/wp-json\/wp\/v2\/pages\/102370\/revisions\/224909"}],"up":[{"embeddable":true,"href":"https:\/\/www.kunstmuseumluzern.ch\/fr\/wp-json\/wp\/v2\/pages\/101769"}],"wp:attachment":[{"href":"https:\/\/www.kunstmuseumluzern.ch\/fr\/wp-json\/wp\/v2\/media?parent=102370"}],"wp:term":[{"taxonomy":"post_tag","embeddable":true,"href":"https:\/\/www.kunstmuseumluzern.ch\/fr\/wp-json\/wp\/v2\/tags?post=102370"}],"curies":[{"name":"wp","href":"https:\/\/api.w.org\/{rel}","templated":true}]}}

<figure class="wp-block-image alignwide size-full"><img decoding="async" width="2760" height="1020" src="https://www.kunstmuseumluzern.ch/wp-content/uploads/2024/02/skl-turner-2019.jpg" alt="" class="wp-image-21074" srcset="https://www.kunstmuseumluzern.ch/wp-content/uploads/2024/02/skl-turner-2019.jpg 2760w, https:&#x2f;&#x2f;&#x77;&#x77;&#x77;&#x2e;&#107;&#117;&#110;&#115;tmus&#x65;&#x75;&#x6d;&#x6c;&#x75;&#x7a;&#101;&#114;&#110;&#46;&#99;h/w&#x70;&#x2d;&#x63;&#x6f;&#x6e;&#x74;&#101;&#110;&#116;&#47;&#117;plo&#x61;&#x64;&#x73;&#x2f;&#x32;&#x30;&#x32;&#52;&#47;&#48;&#50;/skl&#x2d;&#x74;&#x75;&#x72;&#x6e;&#x65;&#114;&#45;&#50;&#48;19-1&#x35;&#x30;&#x78;&#x35;&#x35;&#x40;&#50;&#120;&#46;&#106;&#112;g 300w, https://www.kunstmuseumluzern.ch/wp-content/uploads/2024/02/skl-turner-2019-1024x378.jpg 1024w, https://www.kunstmuseumluzern.ch/wp-content/uploads/2024/02/skl-turner-2019-150x55.jpg 150w, https://www.kunstmuseumluzern.ch/wp-content/uploads/2024/02/skl-turner-2019-420x155.jpg 420w, https:&#x2f;/&#x77;&#119;&#x77;&#46;k&#x75;n&#x73;&#116;&#x6d;&#117;s&#x65;&#117;&#x6d;&#108;u&#x7a;e&#x72;&#110;&#x2e;&#99;h&#x2f;w&#x70;&#45;&#x63;&#x6f;n&#x74;&#101;&#x6e;&#116;/&#x75;p&#x6c;&#111;&#x61;&#100;s&#x2f;&#50;&#x30;&#50;&#x34;&#x2f;0&#x32;&#47;&#x73;&#107;l&#x2d;t&#x75;&#114;&#x6e;&#101;r&#x2d;&#50;&#x30;&#49;9&#x2d;3&#x30;&#48;&#x78;&#49;1&#x31;&#64;&#x32;&#120;&#x2e;&#x6a;p&#x67; 600w, https:&#47;/&#x77;w&#x77;&#46;&#x6b;&#117;&#x6e;&#115;t&#x6d;u&#x73;&#101;&#x75;&#109;&#x6c;&#117;&#x7a;&#101;r&#x6e;&#46;&#x63;&#104;&#x2f;&#119;&#x70;&#45;c&#x6f;n&#x74;&#101;&#x6e;&#116;&#x2f;&#117;&#x70;&#108;o&#x61;d&#x73;&#47;&#x32;&#48;&#x32;&#52;/&#x30;2&#x2f;&#115;&#x6b;&#108;&#x2d;&#116;&#x75;&#114;n&#x65;r&#x2d;&#50;&#x30;&#49;&#x39;&#45;1&#x30;2&#x34;&#120;&#x33;&#55;&#x38;&#64;&#x32;&#120;&#46;&#x6a;p&#x67; 2048w, https:&#47;&#47;&#x77;w&#119;&#x2e;&#x6b;u&#110;&#x73;&#x74;m&#117;&#x73;e&#117;&#x6d;&#x6c;u&#122;&#x65;&#x72;n&#46;&#x63;h&#47;&#x77;&#x70;-&#99;&#x6f;&#x6e;t&#101;&#x6e;&#x74;&#47;&#117;&#x70;l&#111;&#x61;&#x64;s&#47;&#x32;&#x30;2&#52;&#x2f;0&#50;&#x2f;&#x73;k&#108;&#x2d;&#x74;u&#114;&#x6e;e&#114;&#45;&#x32;0&#49;&#x39;&#x2d;4&#50;&#x30;&#x78;&#49;&#53;&#x35;&#64;&#50;&#x78;&#x2e;j&#112;&#x67; 840w" sizes="(max-width: 2760px) 100vw, 2760px" /><figcaption class="wp-element-caption">Turner. Das Meer und die Alpen, 2019</figcaption></figure>



<div style="height:60px" aria-hidden="true" class="wp-block-spacer"></div>



<h2 class="wp-block-heading" id="fondation-pour-le-kunstmuseum-luzern-skl-1" id="fondation-pour-le-kunstmuseum-luzern-skl">Fondation pour le Kunstmuseum Luzern SKL</h2>



<div style="height:30px" aria-hidden="true" class="wp-block-spacer"></div>



<p>La Fondation pour le Kunstmuseum Luzern (Stiftung für das Kunstmuseum Luzern SKL) a été créée en 2017 en amont de l’exposition <em><a href="https://www.kunstmuseumluzern.ch/en/exhibitions/turner-meer-alpen/">Turner. La mer et les Alpes</a></em>. La fondation est une entité juridique indépendante qui a pour seule bénéficiaire la Kunstgesellschaft Luzern. Son conseil de fondation, qui siège à titre bénévole, réunit des personnalités de Lucerne ou ayant un lien avec la Suisse centrale.</p>



<p>La SKL finance les expositions du musée et soutient ses actions publiques, la restauration et la numérisation d’œuvres d’art ainsi que la formation et la médiation artistique. Elle ouvre au Kunstmuseum Luzern son réseau de partenaires, d’amis et de donateurs pour renforcer les missions clés du musée et contribuer de manière substantielle à son développement. En contrepartie, les membres donateurs de la SKL bénéficient de prestations exclusives autour des manifestations du musée.</p>



<p>Après le succès de l’exposition <em><a href="https://www.kunstmuseumluzern.ch/en/exhibitions/turner-meer-alpen/">Turner. La mer et les Alpes</a></em>, organisée à l’occasion du bicentenaire de la Kunstgesellschaft Luzern, la SKL s’est tournée vers de nouveaux projets. C’est grâce à son soutien que le musée a pu organiser <em><a href="https://www.kunstmuseumluzern.ch/en/exhibitions/david-hockney/">Moving Focus</a></em>, la première grande rétrospective en Suisse du peintre britannique David Hockney, l’un des artistes les plus influents de notre époque. De ses premières œuvres des années 1960 à ses dessins sur iPad récents, en passant par ses paysages grand format, l’exposition illustrait de manière magistrale l’incroyable capacité de l’artiste à se réinventer sans cesse. La fondation soutenait les recherches visant à reconstituer, en 2025, l’exposition légendaire <a href="https://www.kunstmuseumluzern.ch/en/exhibitions/these-antithese-und-synthese/"><em>Thèse, Antithèse et Synthèse</em></a> avec des œuvres de Giacometti, Miró, Taeuber-Arp, Picasso, Braque, Calder et autres. En 2025, le Kunstmuseum Luzern reconstruisait l&rsquo;exposition historique sous le titre <em><a href="https://www.kunstmuseumluzern.ch/fr/exhibitions/kandinsky-picasso-miro-et-al-deretour-a-lucerne/">Kandinsky, Picasso, Miró et al. de retour à Lucerne</a></em>. À l’époque, les œuvres proviennent directement des ateliers des artistes et de l’unique artiste féminine. Aujourd’hui, elles étaient accrochées aux cimaises des plus grandes collections du monde. L&rsquo;exposition témoignait des bouleversements intellectuels, politiques et culturels de l’entre-deux-guerres. En même temps, l’exposition offre un impressionnant spectacle artistique sensoriel.</p>



<p><em><a href="https://www.kunstmuseumluzern.ch/fr/exhibitions/kandinsky-picasso-miro-et-al-deretour-a-lucerne/">Kandinsky, Picasso, Miró et al. de retour à Lucerne</a></em> a remporté un franc succès auprès du public et succède ainsi directement à l&rsquo;exposition record <em><a href="https://www.kunstmuseumluzern.ch/en/exhibitions/turner-meer-alpen/">Turner. La mer et les Alpes</a></em> dans l&rsquo;histoire du musée.</p>



<div style="height:30px" aria-hidden="true" class="wp-block-spacer"></div>



<div class="wp-block-columns is-layout-flex wp-container-core-columns-is-layout-28f84493 wp-block-columns-is-layout-flex">
<div class="wp-block-column is-layout-flow wp-block-column-is-layout-flow">
<div class="wp-block-pb-accordion-item c-accordion__item js-accordion-item no-js" data-initially-open="false" data-click-to-close="true" data-auto-close="true" data-scroll="false" data-scroll-offset="0"><h2 id="at-1023700" class="c-accordion__title js-accordion-controller" role="button" id="contact">Contact</h2><div id="ac-1023700" class="c-accordion__content">
<p>+41 41 226 78 00 <br><a href="&#x6d;a&#x69;&#108;&#x74;&#111;&#x3a;&#x73;t&#x69;&#102;&#x74;&#117;&#x6e;&#103;&#64;&#x6b;&#117;&#x6e;&#115;&#x74;&#109;u&#x73;&#101;&#x75;&#109;&#x6c;&#117;z&#x65;r&#x6e;&#46;&#x63;&#104;">s&#116;&#x69;&#x66;t&#117;&#110;&#x67;&#x40;k&#117;&#x6e;&#x73;t&#109;&#117;&#x73;&#x65;u&#109;&#x6c;&#x75;z&#101;&#114;&#x6e;&#x2e;c&#104;</a></p>
</div></div>
</div>



<div class="wp-block-column is-layout-flow wp-block-column-is-layout-flow">
<div class="wp-block-pb-accordion-item c-accordion__item js-accordion-item no-js" data-initially-open="false" data-click-to-close="true" data-auto-close="true" data-scroll="false" data-scroll-offset="0"><h2 id="at-1023701" class="c-accordion__title js-accordion-controller" role="button" id="conseil-de-fondation">Conseil de fondation</h2><div id="ac-1023701" class="c-accordion__content">
<p><strong>Président</strong><br>Thomas Bründler</p>



<p><strong>Membres du conseil de fondation</strong><br>Iwan Bühler, Manuela Müller</p>



<p><strong>ex officio</strong><br>Andi Scheitlin, Kunstgesellschaft Luzern<br>Fanni Fetzer, directrice Kunstmuseum Luzern<br><br><strong>Anciens présidents</strong><br>Andi Scheitlin, Gregor Schwegler<br><br><strong>Anciens membres du conseil de fondation</strong><br>Mauritius Carlen, Barend Fruithof, Patrik König, Gerhard Niesslein, Reto Schiltknecht, Bruno Schmidiger, Tanja Temel</p>
</div></div>
</div>
</div>



<div style="height:60px" aria-hidden="true" class="wp-block-spacer"></div>



<p></p>

<p>Fondation pour le Kunstmuseum Luzern SKL La Fondation pour le Kunstmuseum Luzern (Stiftung für das Kunstmuseum Luzern SKL) a été créée en 2017 en amont de l’exposition Turner. La mer et les Alpes. La fondation est une entité juridique indépendante qui a pour seule bénéficiaire la Kunstgesellschaft Luzern. Son conseil de fondation, qui siège à [&hellip;]</p>
