{"id":102783,"date":"2024-02-18T13:25:34","date_gmt":"2024-02-18T12:25:34","guid":{"rendered":"https:\/\/www.kunstmuseumluzern.ch\/vorschau\/"},"modified":"2025-05-13T16:06:57","modified_gmt":"2025-05-13T14:06:57","slug":"a-venir","status":"publish","type":"page","link":"https:\/\/www.kunstmuseumluzern.ch\/fr\/a-venir\/","title":{"rendered":"\u00c0 venir"},"content":{"rendered":"\n<div style=\"height:100px\" aria-hidden=\"true\" class=\"wp-block-spacer\"><\/div>\n\n\n\n<div class=\"wp-block-nav-links alignwide\">\n\n      <div class=\"wp-block-nav-links__title\">Expositions en cours<\/div>\n\n  <div class=\"wp-block-nav-links__link-wrapper\">\n  \n        <a class=\"wp-block-nav-links__link\" href=\"https:\/\/www.kunstmuseumluzern.ch\/fr\/exhibitions\/maria-pininska-beres\/\">Maria Pininska-Beres<\/a>\n    \n  \n        <a class=\"wp-block-nav-links__link\" href=\"https:\/\/www.kunstmuseumluzern.ch\/fr\/exhibitions\/1-raum-1-werk\/\">1 Raum, 1 Werk<\/a>\n    \n  \n        <a class=\"wp-block-nav-links__link\" href=\"https:\/\/www.kunstmuseumluzern.ch\/fr\/exhibitions\/brian-dawn-chalkley\/\">Brian Dawn Chalkley<\/a>\n    \n    <\/div>\n  \n<\/div>\n\n\n<div class=\"wp-block-nav-links alignwide\">\n\n    <div class=\"wp-block-nav-links__link-wrapper\">\n  \n        <a class=\"wp-block-nav-links__link\" href=\"https:\/\/www.kunstmuseumluzern.ch\/fr\/visiter\/agenda\/\" target=\"_self\">Agenda<\/a>\n    \n  \n        <a class=\"wp-block-nav-links__link\" href=\"https:\/\/shop.kunstmuseumluzern.ch\/fr\/\" target=\"_blank\">Shop<\/a>\n    \n  \n        <a class=\"wp-block-nav-links__link\" href=\"https:\/\/www.kunstmuseumluzern.ch\/fr\/visiter\/cafe\/\" target=\"_self\">Caf\u00e9<\/a>\n    \n    <\/div>\n  \n<\/div>","protected":false},"excerpt":{"rendered":"","protected":false},"author":14,"featured_media":0,"parent":0,"menu_order":3,"comment_status":"closed","ping_status":"closed","template":"template-preview.php","meta":{"_acf_changed":false,"_seopress_robots_primary_cat":"","_seopress_titles_title":"\u00c0 venir | KUNSTMUSEUM LUZERN","_seopress_titles_desc":"Les prochaines expositions et projets de coop\u00e9ration du Kunstmuseum Luzern sont pr\u00e9sent\u00e9s dans notre rubrique \u00e0 venir.","_seopress_robots_index":"","inline_featured_image":false,"ghostkit_customizer_options":"","ghostkit_custom_css":"","ghostkit_custom_js_head":"","ghostkit_custom_js_foot":"","ghostkit_typography":"","footnotes":""},"tags":[],"class_list":["post-102783","page","type-page","status-publish","hentry"],"acf":[],"_links":{"self":[{"href":"https:\/\/www.kunstmuseumluzern.ch\/fr\/wp-json\/wp\/v2\/pages\/102783","targetHints":{"allow":["GET"]}}],"collection":[{"href":"https:\/\/www.kunstmuseumluzern.ch\/fr\/wp-json\/wp\/v2\/pages"}],"about":[{"href":"https:\/\/www.kunstmuseumluzern.ch\/fr\/wp-json\/wp\/v2\/types\/page"}],"author":[{"embeddable":true,"href":"https:\/\/www.kunstmuseumluzern.ch\/fr\/wp-json\/wp\/v2\/users\/14"}],"replies":[{"embeddable":true,"href":"https:\/\/www.kunstmuseumluzern.ch\/fr\/wp-json\/wp\/v2\/comments?post=102783"}],"version-history":[{"count":5,"href":"https:\/\/www.kunstmuseumluzern.ch\/fr\/wp-json\/wp\/v2\/pages\/102783\/revisions"}],"predecessor-version":[{"id":156249,"href":"https:\/\/www.kunstmuseumluzern.ch\/fr\/wp-json\/wp\/v2\/pages\/102783\/revisions\/156249"}],"wp:attachment":[{"href":"https:\/\/www.kunstmuseumluzern.ch\/fr\/wp-json\/wp\/v2\/media?parent=102783"}],"wp:term":[{"taxonomy":"post_tag","embeddable":true,"href":"https:\/\/www.kunstmuseumluzern.ch\/fr\/wp-json\/wp\/v2\/tags?post=102783"}],"curies":[{"name":"wp","href":"https:\/\/api.w.org\/{rel}","templated":true}]}}

À venir

<div style="height:100px" aria-hidden="true" class="wp-block-spacer"></div>



<div class="wp-block-nav-links alignwide">

      <div class="wp-block-nav-links__title">Expositions en cours</div>

  <div class="wp-block-nav-links__link-wrapper">
  
        <a class="wp-block-nav-links__link" href="https://www.kunstmuseumluzern.ch/fr/exhibitions/maria-pininska-beres/">Maria Pininska-Beres</a>
    
  
        <a class="wp-block-nav-links__link" href="https://www.kunstmuseumluzern.ch/fr/exhibitions/1-raum-1-werk/">1 Raum, 1 Werk</a>
    
  
        <a class="wp-block-nav-links__link" href="https://www.kunstmuseumluzern.ch/fr/exhibitions/brian-dawn-chalkley/">Brian Dawn Chalkley</a>
    
    </div>
  
</div>


<div class="wp-block-nav-links alignwide">

    <div class="wp-block-nav-links__link-wrapper">
  
        <a class="wp-block-nav-links__link" href="https://www.kunstmuseumluzern.ch/fr/visiter/agenda/" target="_self">Agenda</a>
    
  
        <a class="wp-block-nav-links__link" href="https://shop.kunstmuseumluzern.ch/fr/" target="_blank">Shop</a>
    
  
        <a class="wp-block-nav-links__link" href="https://www.kunstmuseumluzern.ch/fr/visiter/cafe/" target="_self">Café</a>
    
    </div>
  
</div>

À venir | KUNSTMUSEUM LUZERN

Les prochaines expositions et projets de coopération du Kunstmuseum Luzern sont présentés dans notre rubrique à venir.
