{"id":112754,"date":"2024-05-08T12:07:09","date_gmt":"2024-05-08T10:07:09","guid":{"rendered":"https:\/\/www.kunstmuseumluzern.ch\/musee\/sammlung\/provenienzforschung-am-kunstmuseum-luzern\/"},"modified":"2024-10-14T10:28:44","modified_gmt":"2024-10-14T08:28:44","slug":"provenienzforschung-am-kunstmuseum-luzern","status":"publish","type":"page","link":"https:\/\/www.kunstmuseumluzern.ch\/fr\/musee\/sammlung\/provenienzforschung-am-kunstmuseum-luzern\/","title":{"rendered":"Recherche de provenance Kunstmuseum Luzern"},"content":{"rendered":"\n<figure class=\"wp-block-image alignwide size-full\"><img decoding=\"async\" src=\"https:\/\/www.kunstmuseumluzern.ch\/wp-content\/uploads\/2024\/08\/provenienz-sammlung-2024-45.jpg\" alt=\"\" class=\"wp-image-119886\"\/><figcaption class=\"wp-element-caption\">Les faces arri\u00e8re offrent des informations int\u00e9ressantes pour la recherche de provenance, image d&rsquo;exposition \u00abWoher kommst du? Wie Werke in die Sammlung gelangen\u00bb, photo: Marc Latzel<\/figcaption><\/figure>\n\n\n\n<div style=\"height:60px\" aria-hidden=\"true\" class=\"wp-block-spacer\"><\/div>\n\n\n\n<h2 class=\"wp-block-heading\" id=\"recherche-de-provenance-kunstmuseum-luzern\" id=\"recherche-de-provenance-kunstmuseum-luzern\">Recherche de provenance Kunstmuseum Luzern<\/h2>\n\n\n\n<div style=\"height:30px\" aria-hidden=\"true\" class=\"wp-block-spacer\"><\/div>\n\n\n\n<p>De 2016 \u00e0 2018, le Kunstmuseum Luzern a enqu\u00eat\u00e9 sur la provenance des premi\u00e8res \u0153uvres de sa collection et publi\u00e9 les r\u00e9sultats de cette recherche, men\u00e9e avec le soutien de l\u2019Office f\u00e9d\u00e9ral de la culture (OFC). Toutefois, de nombreuses questions restaient sans r\u00e9ponse en raison de l\u2019inaccessibilit\u00e9 de certaines archives. Depuis lors, le Kunstmuseum Luzern a non seulement intensifi\u00e9 l\u2019\u00e9tude sur l\u2019origine des \u0153uvres entr\u00e9es au mus\u00e9e entre 1933 et 1945 et dans l\u2019apr\u00e8s-guerre, mais l\u2019a inscrite de fa\u00e7on p\u00e9renne dans ses missions. L\u2019exposition temporaire de la collection <a href=\"https:\/\/www.kunstmuseumluzern.ch\/fr\/exhibitions\/woher-kommst-du\/\"><em>Woher kommst du? Wie Kunst in die Sammlung gelangt<\/em><\/a> pr\u00e9sente les premiers r\u00e9sultats de ces efforts et aborde les questions qui restent en suspens.<\/p>\n\n\n\n<p>Le canton et la ville de Lucerne soutiennent le d\u00e9veloppement de ce volet de l\u2019activit\u00e9 du mus\u00e9e et contribuent \u00e0 son financement. Partant du principe que le travail sur l\u2019histoire est une t\u00e2che cruciale qui demande un engagement sans cesse renouvel\u00e9, ils ont tenu \u00e0 faire figurer cet aspect dans la nouvelle convention de prestations pass\u00e9e avec le mus\u00e9e.<\/p>\n\n\n\n<p class=\"has-simplon-bp-font-family\"><strong>Commission consultative pour la recherche de provenance<\/strong><\/p>\n\n\n\n<p>La Commission consultative pour la recherche de provenance accompagnera de mani\u00e8re proactive le Kunstmuseum Luzern dans ce travail. La cr\u00e9ation de cet organisme constitue un cas unique en Suisse pour un mus\u00e9e de cette taille. Ses membres, issu e s des champs scientifique, culturel et juridique, se distinguent par leur sensibilisation \u00e0 la culture juive et leurs connaissances approfondies de l\u2019histoire de la pers\u00e9cution et de l\u2019\u00e9migration juives pendant la p\u00e9riode nazie.<\/p>\n\n\n\n<h3 class=\"wp-block-heading\" id=\"membres-de-la-commission\" id=\"membres-de-la-commission\">Membres de la commission<\/h3>\n\n\n\n<p class=\"has-simplon-bp-font-family\">Dr. Reto Schiltknecht, Avocat, Luzern, Pr\u00e9sident<br>Dr. Roman Bucheli, Journaliste, Z\u00fcrich<br>Muriel Gerstner, Sc\u00e9nographe, Riehen<br>Andrea Meule, Avocate, Luzern, repr\u00e9sente Stiftung BEST Art Collection Luzern<br>Simone-Tamara Nold, Historienne d&rsquo;Art, Z\u00fcrich<br>Karin Seiz, Historienne d&rsquo;Art, Luzern, repr\u00e9sente Kunstgesellschaft Luzern<br>Prof. Dr. Tobias Straumann, Historien, Z\u00fcrich<\/p>\n\n\n\n<div style=\"height:30px\" aria-hidden=\"true\" class=\"wp-block-spacer\"><\/div>\n\n\n\n<div class=\"wp-block-columns is-layout-flex wp-container-core-columns-is-layout-28f84493 wp-block-columns-is-layout-flex\">\n<div class=\"wp-block-column is-layout-flow wp-block-column-is-layout-flow\">\n<div class=\"wp-block-pb-accordion-item c-accordion__item js-accordion-item no-js\" data-initially-open=\"false\" data-click-to-close=\"true\" data-auto-close=\"true\" data-scroll=\"false\" data-scroll-offset=\"0\"><h2 id=\"at-1127540\" class=\"c-accordion__title js-accordion-controller\" role=\"button\" id=\"bases\">Bases<\/h2><div id=\"ac-1127540\" class=\"c-accordion__content\">\n<p class=\"has-medium-font-size\"><a href=\"https:\/\/www.state.gov\/washington-conference-principles-on-nazi-confiscated-art\/\" data-type=\"link\" data-id=\"https:\/\/www.state.gov\/washington-conference-principles-on-nazi-confiscated-art\/\" target=\"_blank\" rel=\"noreferrer noopener\">Principles de Washington<\/a> (anglais)<br><a href=\"https:\/\/www.state.gov\/best-practices-for-the-washington-conference-principles-on-nazi-confiscated-art\/\" data-type=\"link\" data-id=\"https:\/\/www.state.gov\/best-practices-for-the-washington-conference-principles-on-nazi-confiscated-art\/\" target=\"_blank\" rel=\"noreferrer noopener\">Best Practice Examples<\/a> (anglais)<br><a href=\"https:\/\/www.bak.admin.ch\/bak\/fr\/home\/patrimoine-culturel\/kulturgueter-aus-kolonialem-kontext\/provenienzforschung-in-der-schweiz.html\" target=\"_blank\" rel=\"noreferrer noopener\">BAK: Recherches de provenance des mus\u00e9es en Suisse<\/a><br><a href=\"https:\/\/www.state.gov\/prague-holocaust-era-assets-conference-terezin-declaration\/\" target=\"_blank\" rel=\"noreferrer noopener\">2009 Terezin Declaration on Holocaust Era Assets and Related Issues<\/a> (anglais)<br><a href=\"https:\/\/www.kunstmuseumluzern.ch\/wp-content\/uploads\/2024\/08\/icom-code-de-deontologie.pdf\" target=\"_blank\" rel=\"noreferrer noopener\">Code de d\u00e9ontologie de l\u2019ICOM pour les mus\u00e9es 2006\/2010<\/a> (Pdf)<\/p>\n<\/div><\/div>\n\n\n\n<div class=\"wp-block-pb-accordion-item c-accordion__item js-accordion-item no-js\" data-initially-open=\"false\" data-click-to-close=\"true\" data-auto-close=\"true\" data-scroll=\"false\" data-scroll-offset=\"0\"><h2 id=\"at-1127541\" class=\"c-accordion__title js-accordion-controller\" role=\"button\" id=\"collaboration\">Collaboration<\/h2><div id=\"ac-1127541\" class=\"c-accordion__content\">\n<p><a href=\"https:\/\/provenienzforschung.ch\/fr\/schweizerischer-arbeitskreis-provenienzforschung-francais\/\" target=\"_blank\" rel=\"noreferrer noopener\">Association Suisse de Recherche en Provenance<\/a><br><a href=\"https:\/\/www.arbeitskreis-provenienzforschung.org\/en\/home\/\" target=\"_blank\" rel=\"noreferrer noopener\">Assiciation Allemand de Recherche en Provenance<\/a> (anglais)<\/p>\n<\/div><\/div>\n<\/div>\n\n\n\n<div class=\"wp-block-column is-layout-flow wp-block-column-is-layout-flow\">\n<div class=\"wp-block-pb-accordion-item c-accordion__item js-accordion-item no-js\" data-initially-open=\"false\" data-click-to-close=\"true\" data-auto-close=\"true\" data-scroll=\"false\" data-scroll-offset=\"0\"><h2 id=\"at-1127542\" class=\"c-accordion__title js-accordion-controller\" role=\"button\" id=\"contact\">Contact<\/h2><div id=\"ac-1127542\" class=\"c-accordion__content\">\n<p>Commission: <a href=\"&#109;&#x61;i&#x6c;&#x74;&#111;&#x3a;e&#x6b;&#x70;&#64;&#x6b;u&#x6e;&#x73;&#116;&#x6d;u&#x73;&#x65;&#117;&#x6d;l&#x75;&#x7a;&#101;&#x72;n&#x2e;&#x63;&#104;\">Sonja Fuchs<\/a>, +41 41 226 78 20<br>Recherche de provenance: <a href=\"&#x6d;&#x61;&#x69;&#x6c;&#x74;&#111;&#58;&#97;&#108;exa&#x6e;&#x64;&#x72;&#x61;&#x2e;&#x62;&#108;&#97;&#101;ttl&#x65;&#x72;&#x40;&#x6b;&#x75;&#x6e;&#115;&#116;&#109;&#117;seu&#x6d;&#x6c;&#x75;&#x7a;&#x65;&#x72;&#110;&#46;&#99;h\">Alexandra Bl\u00e4ttler<\/a>, +41 41 226 78 93<\/p>\n<\/div><\/div>\n<\/div>\n<\/div>\n\n\n\n<p class=\"has-simplon-bp-font-family\"><\/p>\n\n\n\n<div style=\"height:30px\" aria-hidden=\"true\" class=\"wp-block-spacer\"><\/div>\n\n\n\n<div class=\"wp-block-buttons is-content-justification-center is-layout-flex wp-container-core-buttons-is-layout-a89b3969 wp-block-buttons-is-layout-flex\">\n<div class=\"wp-block-button is-style-download\"><a class=\"wp-block-button__link wp-element-button\" href=\"https:\/\/www.kunstmuseumluzern.ch\/wp-content\/uploads\/2024\/06\/kml-provenienzforschung-stadt-kanton-luzern.pdf\" target=\"_blank\" rel=\"noreferrer noopener\">Communiqu\u00e9 de presse ville et canton de Lucerne 2024<\/a><\/div>\n<\/div>\n\n\n\n<div style=\"height:60px\" aria-hidden=\"true\" class=\"wp-block-spacer\"><\/div>\n\n\n\n<h3 class=\"wp-block-heading\" id=\"recherche-de-provenance-2016-2018\" id=\"recherche-de-provenance-2016-2018\">Recherche de provenance 2016\u20132018<\/h3>\n\n\n\n<div style=\"height:60px\" aria-hidden=\"true\" class=\"wp-block-spacer\"><\/div>\n\n\n\n<div class=\"wp-block-columns is-layout-flex wp-container-core-columns-is-layout-28f84493 wp-block-columns-is-layout-flex\">\n<div class=\"wp-block-column is-layout-flow wp-block-column-is-layout-flow\">\n<div class=\"wp-block-buttons is-content-justification-center is-layout-flex wp-container-core-buttons-is-layout-a89b3969 wp-block-buttons-is-layout-flex\">\n<div class=\"wp-block-button is-style-download\"><a class=\"wp-block-button__link wp-element-button\" href=\"https:\/\/www.kunstmuseumluzern.ch\/wp-content\/uploads\/2024\/08\/provenienzforschung-ergebnisliste.pdf\" target=\"_blank\" rel=\"noreferrer noopener\">Liste des r\u00e9sultats (Allemand)<\/a><\/div>\n<\/div>\n<\/div>\n\n\n\n<div class=\"wp-block-column is-layout-flow wp-block-column-is-layout-flow\">\n<div class=\"wp-block-buttons is-content-justification-center is-layout-flex wp-container-core-buttons-is-layout-a89b3969 wp-block-buttons-is-layout-flex\">\n<div class=\"wp-block-button is-style-download\"><a class=\"wp-block-button__link wp-element-button\" href=\"https:\/\/www.kunstmuseumluzern.ch\/wp-content\/uploads\/2024\/05\/provenienzforschung-schlussbericht.pdf\" target=\"_blank\" rel=\"noreferrer noopener\">Rapport final (Allemand)<\/a><\/div>\n<\/div>\n<\/div>\n<\/div>\n\n\n\n<div style=\"height:60px\" aria-hidden=\"true\" class=\"wp-block-spacer\"><\/div>\n\n\n\n<div class=\"wp-block-columns is-layout-flex wp-container-core-columns-is-layout-28f84493 wp-block-columns-is-layout-flex\">\n<div class=\"wp-block-column is-layout-flow wp-block-column-is-layout-flow\">\n<\/div>\n\n\n\n<div class=\"wp-block-column is-layout-flow wp-block-column-is-layout-flow\"><\/div>\n<\/div>\n","protected":false},"excerpt":{"rendered":"<p>Recherche de provenance Kunstmuseum Luzern De 2016 \u00e0 2018, le Kunstmuseum Luzern a enqu\u00eat\u00e9 sur la provenance des premi\u00e8res \u0153uvres de sa collection et publi\u00e9 les r\u00e9sultats de cette recherche, men\u00e9e avec le soutien de l\u2019Office f\u00e9d\u00e9ral de la culture (OFC). Toutefois, de nombreuses questions restaient sans r\u00e9ponse en raison de l\u2019inaccessibilit\u00e9 de certaines archives. [&hellip;]<\/p>\n","protected":false},"author":2,"featured_media":0,"parent":102824,"menu_order":2,"comment_status":"closed","ping_status":"closed","template":"","meta":{"_acf_changed":false,"_seopress_robots_primary_cat":"","_seopress_titles_title":"","_seopress_titles_desc":"","_seopress_robots_index":"","inline_featured_image":false,"ghostkit_customizer_options":"","ghostkit_custom_css":"","ghostkit_custom_js_head":"","ghostkit_custom_js_foot":"","ghostkit_typography":"","footnotes":""},"tags":[],"class_list":["post-112754","page","type-page","status-publish","hentry"],"acf":[],"_links":{"self":[{"href":"https:\/\/www.kunstmuseumluzern.ch\/fr\/wp-json\/wp\/v2\/pages\/112754","targetHints":{"allow":["GET"]}}],"collection":[{"href":"https:\/\/www.kunstmuseumluzern.ch\/fr\/wp-json\/wp\/v2\/pages"}],"about":[{"href":"https:\/\/www.kunstmuseumluzern.ch\/fr\/wp-json\/wp\/v2\/types\/page"}],"author":[{"embeddable":true,"href":"https:\/\/www.kunstmuseumluzern.ch\/fr\/wp-json\/wp\/v2\/users\/2"}],"replies":[{"embeddable":true,"href":"https:\/\/www.kunstmuseumluzern.ch\/fr\/wp-json\/wp\/v2\/comments?post=112754"}],"version-history":[{"count":27,"href":"https:\/\/www.kunstmuseumluzern.ch\/fr\/wp-json\/wp\/v2\/pages\/112754\/revisions"}],"predecessor-version":[{"id":126526,"href":"https:\/\/www.kunstmuseumluzern.ch\/fr\/wp-json\/wp\/v2\/pages\/112754\/revisions\/126526"}],"up":[{"embeddable":true,"href":"https:\/\/www.kunstmuseumluzern.ch\/fr\/wp-json\/wp\/v2\/pages\/102824"}],"wp:attachment":[{"href":"https:\/\/www.kunstmuseumluzern.ch\/fr\/wp-json\/wp\/v2\/media?parent=112754"}],"wp:term":[{"taxonomy":"post_tag","embeddable":true,"href":"https:\/\/www.kunstmuseumluzern.ch\/fr\/wp-json\/wp\/v2\/tags?post=112754"}],"curies":[{"name":"wp","href":"https:\/\/api.w.org\/{rel}","templated":true}]}}

<figure class="wp-block-image alignwide size-full"><img decoding="async" src="https://www.kunstmuseumluzern.ch/wp-content/uploads/2024/08/provenienz-sammlung-2024-45.jpg" alt="" class="wp-image-119886"/><figcaption class="wp-element-caption">Les faces arrière offrent des informations intéressantes pour la recherche de provenance, image d&rsquo;exposition «Woher kommst du? Wie Werke in die Sammlung gelangen», photo: Marc Latzel</figcaption></figure>



<div style="height:60px" aria-hidden="true" class="wp-block-spacer"></div>



<h2 class="wp-block-heading" id="recherche-de-provenance-kunstmuseum-luzern" id="recherche-de-provenance-kunstmuseum-luzern">Recherche de provenance Kunstmuseum Luzern</h2>



<div style="height:30px" aria-hidden="true" class="wp-block-spacer"></div>



<p>De 2016 à 2018, le Kunstmuseum Luzern a enquêté sur la provenance des premières œuvres de sa collection et publié les résultats de cette recherche, menée avec le soutien de l’Office fédéral de la culture (OFC). Toutefois, de nombreuses questions restaient sans réponse en raison de l’inaccessibilité de certaines archives. Depuis lors, le Kunstmuseum Luzern a non seulement intensifié l’étude sur l’origine des œuvres entrées au musée entre 1933 et 1945 et dans l’après-guerre, mais l’a inscrite de façon pérenne dans ses missions. L’exposition temporaire de la collection <a href="https://www.kunstmuseumluzern.ch/fr/exhibitions/woher-kommst-du/"><em>Woher kommst du? Wie Kunst in die Sammlung gelangt</em></a> présente les premiers résultats de ces efforts et aborde les questions qui restent en suspens.</p>



<p>Le canton et la ville de Lucerne soutiennent le développement de ce volet de l’activité du musée et contribuent à son financement. Partant du principe que le travail sur l’histoire est une tâche cruciale qui demande un engagement sans cesse renouvelé, ils ont tenu à faire figurer cet aspect dans la nouvelle convention de prestations passée avec le musée.</p>



<p class="has-simplon-bp-font-family"><strong>Commission consultative pour la recherche de provenance</strong></p>



<p>La Commission consultative pour la recherche de provenance accompagnera de manière proactive le Kunstmuseum Luzern dans ce travail. La création de cet organisme constitue un cas unique en Suisse pour un musée de cette taille. Ses membres, issu e s des champs scientifique, culturel et juridique, se distinguent par leur sensibilisation à la culture juive et leurs connaissances approfondies de l’histoire de la persécution et de l’émigration juives pendant la période nazie.</p>



<h3 class="wp-block-heading" id="membres-de-la-commission" id="membres-de-la-commission">Membres de la commission</h3>



<p class="has-simplon-bp-font-family">Dr. Reto Schiltknecht, Avocat, Luzern, Président<br>Dr. Roman Bucheli, Journaliste, Zürich<br>Muriel Gerstner, Scénographe, Riehen<br>Andrea Meule, Avocate, Luzern, représente Stiftung BEST Art Collection Luzern<br>Simone-Tamara Nold, Historienne d&rsquo;Art, Zürich<br>Karin Seiz, Historienne d&rsquo;Art, Luzern, représente Kunstgesellschaft Luzern<br>Prof. Dr. Tobias Straumann, Historien, Zürich</p>



<div style="height:30px" aria-hidden="true" class="wp-block-spacer"></div>



<div class="wp-block-columns is-layout-flex wp-container-core-columns-is-layout-28f84493 wp-block-columns-is-layout-flex">
<div class="wp-block-column is-layout-flow wp-block-column-is-layout-flow">
<div class="wp-block-pb-accordion-item c-accordion__item js-accordion-item no-js" data-initially-open="false" data-click-to-close="true" data-auto-close="true" data-scroll="false" data-scroll-offset="0"><h2 id="at-1127540" class="c-accordion__title js-accordion-controller" role="button" id="bases">Bases</h2><div id="ac-1127540" class="c-accordion__content">
<p class="has-medium-font-size"><a href="https://www.state.gov/washington-conference-principles-on-nazi-confiscated-art/" data-type="link" data-id="https://www.state.gov/washington-conference-principles-on-nazi-confiscated-art/" target="_blank" rel="noreferrer noopener">Principles de Washington</a> (anglais)<br><a href="https://www.state.gov/best-practices-for-the-washington-conference-principles-on-nazi-confiscated-art/" data-type="link" data-id="https://www.state.gov/best-practices-for-the-washington-conference-principles-on-nazi-confiscated-art/" target="_blank" rel="noreferrer noopener">Best Practice Examples</a> (anglais)<br><a href="https://www.bak.admin.ch/bak/fr/home/patrimoine-culturel/kulturgueter-aus-kolonialem-kontext/provenienzforschung-in-der-schweiz.html" target="_blank" rel="noreferrer noopener">BAK: Recherches de provenance des musées en Suisse</a><br><a href="https://www.state.gov/prague-holocaust-era-assets-conference-terezin-declaration/" target="_blank" rel="noreferrer noopener">2009 Terezin Declaration on Holocaust Era Assets and Related Issues</a> (anglais)<br><a href="https://www.kunstmuseumluzern.ch/wp-content/uploads/2024/08/icom-code-de-deontologie.pdf" target="_blank" rel="noreferrer noopener">Code de déontologie de l’ICOM pour les musées 2006/2010</a> (Pdf)</p>
</div></div>



<div class="wp-block-pb-accordion-item c-accordion__item js-accordion-item no-js" data-initially-open="false" data-click-to-close="true" data-auto-close="true" data-scroll="false" data-scroll-offset="0"><h2 id="at-1127541" class="c-accordion__title js-accordion-controller" role="button" id="collaboration">Collaboration</h2><div id="ac-1127541" class="c-accordion__content">
<p><a href="https://provenienzforschung.ch/fr/schweizerischer-arbeitskreis-provenienzforschung-francais/" target="_blank" rel="noreferrer noopener">Association Suisse de Recherche en Provenance</a><br><a href="https://www.arbeitskreis-provenienzforschung.org/en/home/" target="_blank" rel="noreferrer noopener">Assiciation Allemand de Recherche en Provenance</a> (anglais)</p>
</div></div>
</div>



<div class="wp-block-column is-layout-flow wp-block-column-is-layout-flow">
<div class="wp-block-pb-accordion-item c-accordion__item js-accordion-item no-js" data-initially-open="false" data-click-to-close="true" data-auto-close="true" data-scroll="false" data-scroll-offset="0"><h2 id="at-1127542" class="c-accordion__title js-accordion-controller" role="button" id="contact">Contact</h2><div id="ac-1127542" class="c-accordion__content">
<p>Commission: <a href="&#109;&#x61;i&#x6c;&#x74;&#111;&#x3a;e&#x6b;&#x70;&#64;&#x6b;u&#x6e;&#x73;&#116;&#x6d;u&#x73;&#x65;&#117;&#x6d;l&#x75;&#x7a;&#101;&#x72;n&#x2e;&#x63;&#104;">Sonja Fuchs</a>, +41 41 226 78 20<br>Recherche de provenance: <a href="&#x6d;&#x61;&#x69;&#x6c;&#x74;&#111;&#58;&#97;&#108;exa&#x6e;&#x64;&#x72;&#x61;&#x2e;&#x62;&#108;&#97;&#101;ttl&#x65;&#x72;&#x40;&#x6b;&#x75;&#x6e;&#115;&#116;&#109;&#117;seu&#x6d;&#x6c;&#x75;&#x7a;&#x65;&#x72;&#110;&#46;&#99;h">Alexandra Blättler</a>, +41 41 226 78 93</p>
</div></div>
</div>
</div>



<p class="has-simplon-bp-font-family"></p>



<div style="height:30px" aria-hidden="true" class="wp-block-spacer"></div>



<div class="wp-block-buttons is-content-justification-center is-layout-flex wp-container-core-buttons-is-layout-a89b3969 wp-block-buttons-is-layout-flex">
<div class="wp-block-button is-style-download"><a class="wp-block-button__link wp-element-button" href="https://www.kunstmuseumluzern.ch/wp-content/uploads/2024/06/kml-provenienzforschung-stadt-kanton-luzern.pdf" target="_blank" rel="noreferrer noopener">Communiqué de presse ville et canton de Lucerne 2024</a></div>
</div>



<div style="height:60px" aria-hidden="true" class="wp-block-spacer"></div>



<h3 class="wp-block-heading" id="recherche-de-provenance-2016-2018" id="recherche-de-provenance-2016-2018">Recherche de provenance 2016–2018</h3>



<div style="height:60px" aria-hidden="true" class="wp-block-spacer"></div>



<div class="wp-block-columns is-layout-flex wp-container-core-columns-is-layout-28f84493 wp-block-columns-is-layout-flex">
<div class="wp-block-column is-layout-flow wp-block-column-is-layout-flow">
<div class="wp-block-buttons is-content-justification-center is-layout-flex wp-container-core-buttons-is-layout-a89b3969 wp-block-buttons-is-layout-flex">
<div class="wp-block-button is-style-download"><a class="wp-block-button__link wp-element-button" href="https://www.kunstmuseumluzern.ch/wp-content/uploads/2024/08/provenienzforschung-ergebnisliste.pdf" target="_blank" rel="noreferrer noopener">Liste des résultats (Allemand)</a></div>
</div>
</div>



<div class="wp-block-column is-layout-flow wp-block-column-is-layout-flow">
<div class="wp-block-buttons is-content-justification-center is-layout-flex wp-container-core-buttons-is-layout-a89b3969 wp-block-buttons-is-layout-flex">
<div class="wp-block-button is-style-download"><a class="wp-block-button__link wp-element-button" href="https://www.kunstmuseumluzern.ch/wp-content/uploads/2024/05/provenienzforschung-schlussbericht.pdf" target="_blank" rel="noreferrer noopener">Rapport final (Allemand)</a></div>
</div>
</div>
</div>



<div style="height:60px" aria-hidden="true" class="wp-block-spacer"></div>



<div class="wp-block-columns is-layout-flex wp-container-core-columns-is-layout-28f84493 wp-block-columns-is-layout-flex">
<div class="wp-block-column is-layout-flow wp-block-column-is-layout-flow">
</div>



<div class="wp-block-column is-layout-flow wp-block-column-is-layout-flow"></div>
</div>

<p>Recherche de provenance Kunstmuseum Luzern De 2016 à 2018, le Kunstmuseum Luzern a enquêté sur la provenance des premières œuvres de sa collection et publié les résultats de cette recherche, menée avec le soutien de l’Office fédéral de la culture (OFC). Toutefois, de nombreuses questions restaient sans réponse en raison de l’inaccessibilité de certaines archives. [&hellip;]</p>
